{"id":63,"date":"2020-03-23T18:25:52","date_gmt":"2020-03-23T17:25:52","guid":{"rendered":"https:\/\/xn--puppenbhne-regenbogen-mobil-o3c.de\/?page_id=63"},"modified":"2020-04-15T20:41:08","modified_gmt":"2020-04-15T18:41:08","slug":"ueber-das-theater","status":"publish","type":"page","link":"https:\/\/xn--puppenbhne-regenbogen-mobil-o3c.de\/?page_id=63","title":{"rendered":""},"content":{"rendered":"<h1>\u00dcber das Theater<\/h1>\n<h2>Von der Puppenb\u00fchne Regenbogen Cottbus zur Puppenb\u00fchne Regenbogen-mobil in Frankena oder \u201eZur\u00fcck zu den Wurzeln\u201c<\/h2>\n<p>Der Name \u201cPuppenb\u00fchne Regenbogen\u201c war in Cottbus und Umgebung viele Jahre ein Garant f\u00fcr niveauvolle Puppenspiele f\u00fcr Kinder und ich habe bis 2010 als Theaterleiterin, Spielerin, Regisseurin und Puppengestalterin\u00a0 mit einem engagierten Team von Mitarbeitern diesem Namen Ehre gemacht.<br \/>\nNach meinem Eintritt in den Ruhestand und der beschlossenen Fusion von Puppenb\u00fchne\u00a0 und Kinder- und Jugendtheater gab es in Cottbus keine Puppenb\u00fchne \u201eRegenbogen\u201c mehr, sondern in dem sch\u00f6nen Theaterneubau des Piccolo-Theaters eine Sparte \u201ePuppen- und Figurenspiel.\u201c<br \/>\nIch fand es aber sehr schade, dass der Name \u201ePuppenb\u00fchne Regenbogen\u201c, der \u00fcber 45 Jahre in Cottbus und Umgebung als Markenzeichen f\u00fcr k\u00fcnstlerisch und p\u00e4dagogisch wertvolles Puppenspiel stand, einfach so verlorengehen sollte.<br \/>\n<strong>Darum habe ich gemeinsam mit meiner Tochter Franziska George die \u201ePuppenb\u00fchne Regenbogen-mobil\u201c gegr\u00fcndet.<\/strong><br \/>\nAusgehend von unserem sch\u00f6nen Angerdorf Frankena bei Doberlug-Kirchhain fahre ich als Einzelspielerin oder gemeinsam mit meiner Tochter mit verschiedenen Inszenierungen in Kindertagesst\u00e4tten und\u00a0 Schulen, zu Dorffesten, Festivals und anderen Veranstaltungen \u2013 so wie\u00a0ich vor vielen Jahren schon einmal durch die Lande gezogen bin.<\/p>\n<p><strong>Warum spielen wir Puppentheater f\u00fcr Kinder?<br \/>\n<\/strong><br \/>\nDas erste Theatererlebnis ist unwiederholbar und kann f\u00fcr Kinder der Beginn einer lebenslangen Verbundenheit mit der Theaterkunst sein.<br \/>\nDer magische Moment, in dem das unbelebte Material (ob nun Puppe, Figur oder Gegenstand) durch die Hand des Puppenspielers zum Leben erweckt wird, ist immer wieder faszinierend und bleibt lange im Ged\u00e4chtnis haften.<br \/>\nUnd nicht nur die Kinder, sondern die Zuschauer aller Altersgruppen machen immer wieder die unerkl\u00e4rliche Entdeckung, dass das Spiel dieser Figuren sie nicht etwa kalt l\u00e4sst, sondern sie zu einem befreienden Lachen, aber auch zu echter Betroffenheit bringen kann.<br \/>\nIn unserer modernen Videozeit, in der schon das Kind zum absoluten Konsumenten gemacht wird, bekommt das Puppenspiel einen ganz besonderen Stellenwert als Theaterform f\u00fcr Kinder und wir haben es zu unserer Aufgabe gemacht, diese zu pflegen.<br \/>\nPhantasievolle Geschichten live zu erleben, ohne hektische Schnitte, ohne Werbepausen, weckt positive Emotionen und er\u00f6ffnet ihnen ein ganz besonderes Reich \u2013 ein Reich der Phantasie.<br \/>\nIn unserem Puppentheater werden die Kinder in das Geschehen auf der B\u00fchne einbezogen und es entsteht eine starke Verbindung zwischen Darstellern und Zuschauern, die das gemeinsame Theatererlebnis wechselseitig befl\u00fcgelt.<br \/>\nOb wir bekannte M\u00e4rchen. Bilderbuchadaptionen oder selbsterdachte Geschichten spielen, meist sind nicht nur die Kinder, sondern auch Erwachsene von der originellen Spielweise und den selbstgebauten Figuren begeistert.<\/p>\n","protected":false},"excerpt":{"rendered":"<p>\u00dcber das Theater Von der Puppenb\u00fchne Regenbogen Cottbus zur Puppenb\u00fchne Regenbogen-mobil in Frankena oder \u201eZur\u00fcck zu den Wurzeln\u201c Der Name \u201cPuppenb\u00fchne Regenbogen\u201c war in Cottbus und Umgebung viele Jahre ein Garant f\u00fcr niveauvolle Puppenspiele f\u00fcr Kinder und ich habe bis 2010 als Theaterleiterin, Spielerin, Regisseurin und Puppengestalterin\u00a0 mit einem engagierten Team von Mitarbeitern diesem Namen [&hellip;]<\/p>\n","protected":false},"author":1,"featured_media":0,"parent":0,"menu_order":0,"comment_status":"closed","ping_status":"closed","template":"","meta":[],"_links":{"self":[{"href":"https:\/\/xn--puppenbhne-regenbogen-mobil-o3c.de\/index.php?rest_route=\/wp\/v2\/pages\/63"}],"collection":[{"href":"https:\/\/xn--puppenbhne-regenbogen-mobil-o3c.de\/index.php?rest_route=\/wp\/v2\/pages"}],"about":[{"href":"https:\/\/xn--puppenbhne-regenbogen-mobil-o3c.de\/index.php?rest_route=\/wp\/v2\/types\/page"}],"author":[{"embeddable":true,"href":"https:\/\/xn--puppenbhne-regenbogen-mobil-o3c.de\/index.php?rest_route=\/wp\/v2\/users\/1"}],"replies":[{"embeddable":true,"href":"https:\/\/xn--puppenbhne-regenbogen-mobil-o3c.de\/index.php?rest_route=%2Fwp%2Fv2%2Fcomments&post=63"}],"version-history":[{"count":9,"href":"https:\/\/xn--puppenbhne-regenbogen-mobil-o3c.de\/index.php?rest_route=\/wp\/v2\/pages\/63\/revisions"}],"predecessor-version":[{"id":1039,"href":"https:\/\/xn--puppenbhne-regenbogen-mobil-o3c.de\/index.php?rest_route=\/wp\/v2\/pages\/63\/revisions\/1039"}],"wp:attachment":[{"href":"https:\/\/xn--puppenbhne-regenbogen-mobil-o3c.de\/index.php?rest_route=%2Fwp%2Fv2%2Fmedia&parent=63"}],"curies":[{"name":"wp","href":"https:\/\/api.w.org\/{rel}","templated":true}]}}