{"id":161,"date":"2020-03-24T23:49:59","date_gmt":"2020-03-24T22:49:59","guid":{"rendered":"https:\/\/xn--puppenbhne-regenbogen-mobil-o3c.de\/?page_id=161"},"modified":"2020-03-30T12:02:22","modified_gmt":"2020-03-30T10:02:22","slug":"hasenhaenschen-wackelschwaenzchen","status":"publish","type":"page","link":"https:\/\/xn--puppenbhne-regenbogen-mobil-o3c.de\/?page_id=161","title":{"rendered":"Hasenh\u00e4nschen-Wackelschw\u00e4nzchen"},"content":{"rendered":"<h1 class=\"entry-title noinfo\" style=\"text-align: left;\">&#8220;Hasenh\u00e4nschen-Wackelschw\u00e4nzchen&#8221;<\/h1>\n<h2>Ein heiter\/besinnliches Tischtheater mit Knaufpuppen,<br \/>\nfrei nach dem beliebten Kinderbuch: \u201eDer kleine Angsthase\u201c von E.Shaw<\/h2>\n<ul>\n<li>Altergruppe: ab 3 Jahre<\/li>\n<li>Spieldauer: ca. 45 Minuten<\/li>\n<\/ul>\n<p><u><a href=\"https:\/\/xn--puppenbhne-regenbogen-mobil-o3c.de\/wp-content\/uploads\/2020\/03\/Hans-mit-Bumen-klein.jpg\"><img loading=\"lazy\" class=\"alignleft wp-image-155 size-medium\" src=\"https:\/\/xn--puppenbhne-regenbogen-mobil-o3c.de\/wp-content\/uploads\/2020\/03\/Hans-mit-Bumen-klein-225x300.jpg\" alt=\"\" width=\"225\" height=\"300\" srcset=\"https:\/\/xn--puppenbhne-regenbogen-mobil-o3c.de\/wp-content\/uploads\/2020\/03\/Hans-mit-Bumen-klein-225x300.jpg 225w, https:\/\/xn--puppenbhne-regenbogen-mobil-o3c.de\/wp-content\/uploads\/2020\/03\/Hans-mit-Bumen-klein.jpg 300w\" sizes=\"(max-width: 225px) 100vw, 225px\" \/><\/a>Inhalt:<\/u><br \/>\nDer kleine Hase Hans f\u00fchrt bei seiner Oma ein wohlbeh\u00fctetes Leben. Aber er f\u00fcrchtet sich vor allem und jedem, da ihm seine Oma immer wieder sagt, wie gef\u00e4hrlich die Welt da drau\u00dfen ist. Und wenn der kleine Hase\u00a0am Abend in seinem Bettchen liegt, singt ihm\u00a0die Oma ihr Lieblingslied vom &#8220;Hasenh\u00e4nschen&#8221; vor.<br \/>\nAuch auf den Spielplatz darf der kleine Hase nicht allein gehen, weil seine Oma f\u00fcrchtet, ihm k\u00f6nne etwas passieren. Die gro\u00dfen Hasenkinder lachen ihn aus, nennen ihn einen Angsthasen und wollen nicht mit ihm spielen.<br \/>\nNur der kleine Uli hat damit kein Problem und bald spielen beide gemeinsam mit den bunten Sandf\u00f6rmchen.<br \/>\nAls der b\u00f6se Fuchs auftaucht und der kleine Uli in Gefahr ist, \u00fcberwindet der kleine Hasenhans seine Angst und\u00a0\u00a0 rettet seinen kleinen Freund. Nun wird er endlich auch von den anderen Kindern akzeptiert und gemeinsam beginnen sie ein neues Spiel.<\/p>\n<p>&nbsp;<\/p>\n\n\t\t<style type=\"text\/css\">\n\t\t\t#gallery-1 {\n\t\t\t\tmargin: auto;\n\t\t\t}\n\t\t\t#gallery-1 .gallery-item {\n\t\t\t\tfloat: left;\n\t\t\t\tmargin-top: 10px;\n\t\t\t\ttext-align: center;\n\t\t\t\twidth: 16%;\n\t\t\t}\n\t\t\t#gallery-1 img {\n\t\t\t\tborder: 2px solid #cfcfcf;\n\t\t\t}\n\t\t\t#gallery-1 .gallery-caption {\n\t\t\t\tmargin-left: 0;\n\t\t\t}\n\t\t\t\/* see gallery_shortcode() in wp-includes\/media.php *\/\n\t\t<\/style>\n\t\t<div id='gallery-1' class='gallery galleryid-161 gallery-columns-6 gallery-size-thumbnail'><dl class='gallery-item'>\n\t\t\t<dt class='gallery-icon landscape'>\n\t\t\t\t<a href='https:\/\/xn--puppenbhne-regenbogen-mobil-o3c.de\/wp-content\/uploads\/2020\/03\/Oma-am-Fenster.jpg'><img width=\"150\" height=\"150\" src=\"https:\/\/xn--puppenbhne-regenbogen-mobil-o3c.de\/wp-content\/uploads\/2020\/03\/Oma-am-Fenster-150x150.jpg\" class=\"attachment-thumbnail size-thumbnail\" alt=\"\" loading=\"lazy\" \/><\/a>\n\t\t\t<\/dt><\/dl><dl class='gallery-item'>\n\t\t\t<dt class='gallery-icon landscape'>\n\t\t\t\t<a href='https:\/\/xn--puppenbhne-regenbogen-mobil-o3c.de\/wp-content\/uploads\/2020\/03\/Mit-Auo-2.jpg'><img width=\"150\" height=\"150\" src=\"https:\/\/xn--puppenbhne-regenbogen-mobil-o3c.de\/wp-content\/uploads\/2020\/03\/Mit-Auo-2-150x150.jpg\" class=\"attachment-thumbnail size-thumbnail\" alt=\"\" loading=\"lazy\" \/><\/a>\n\t\t\t<\/dt><\/dl><dl class='gallery-item'>\n\t\t\t<dt class='gallery-icon landscape'>\n\t\t\t\t<a href='https:\/\/xn--puppenbhne-regenbogen-mobil-o3c.de\/wp-content\/uploads\/2020\/03\/Uli-und-hasenhans.jpg'><img width=\"150\" height=\"150\" src=\"https:\/\/xn--puppenbhne-regenbogen-mobil-o3c.de\/wp-content\/uploads\/2020\/03\/Uli-und-hasenhans-150x150.jpg\" class=\"attachment-thumbnail size-thumbnail\" alt=\"\" loading=\"lazy\" \/><\/a>\n\t\t\t<\/dt><\/dl><dl class='gallery-item'>\n\t\t\t<dt class='gallery-icon portrait'>\n\t\t\t\t<a href='https:\/\/xn--puppenbhne-regenbogen-mobil-o3c.de\/wp-content\/uploads\/2020\/03\/Fuchs-am-Baum.jpg'><img width=\"150\" height=\"150\" src=\"https:\/\/xn--puppenbhne-regenbogen-mobil-o3c.de\/wp-content\/uploads\/2020\/03\/Fuchs-am-Baum-150x150.jpg\" class=\"attachment-thumbnail size-thumbnail\" alt=\"\" loading=\"lazy\" srcset=\"https:\/\/xn--puppenbhne-regenbogen-mobil-o3c.de\/wp-content\/uploads\/2020\/03\/Fuchs-am-Baum-150x150.jpg 150w, https:\/\/xn--puppenbhne-regenbogen-mobil-o3c.de\/wp-content\/uploads\/2020\/03\/Fuchs-am-Baum-399x400.jpg 399w\" sizes=\"(max-width: 150px) 100vw, 150px\" \/><\/a>\n\t\t\t<\/dt><\/dl><dl class='gallery-item'>\n\t\t\t<dt class='gallery-icon landscape'>\n\t\t\t\t<a href='https:\/\/xn--puppenbhne-regenbogen-mobil-o3c.de\/wp-content\/uploads\/2020\/03\/Mit-Orden.jpg'><img width=\"150\" height=\"150\" src=\"https:\/\/xn--puppenbhne-regenbogen-mobil-o3c.de\/wp-content\/uploads\/2020\/03\/Mit-Orden-150x150.jpg\" class=\"attachment-thumbnail size-thumbnail\" alt=\"\" loading=\"lazy\" \/><\/a>\n\t\t\t<\/dt><\/dl><dl class='gallery-item'>\n\t\t\t<dt class='gallery-icon portrait'>\n\t\t\t\t<a href='https:\/\/xn--puppenbhne-regenbogen-mobil-o3c.de\/wp-content\/uploads\/2020\/03\/Mit-Oma-vor-Haus.jpg'><img width=\"150\" height=\"150\" src=\"https:\/\/xn--puppenbhne-regenbogen-mobil-o3c.de\/wp-content\/uploads\/2020\/03\/Mit-Oma-vor-Haus-150x150.jpg\" class=\"attachment-thumbnail size-thumbnail\" alt=\"\" loading=\"lazy\" srcset=\"https:\/\/xn--puppenbhne-regenbogen-mobil-o3c.de\/wp-content\/uploads\/2020\/03\/Mit-Oma-vor-Haus-150x150.jpg 150w, https:\/\/xn--puppenbhne-regenbogen-mobil-o3c.de\/wp-content\/uploads\/2020\/03\/Mit-Oma-vor-Haus-399x400.jpg 399w\" sizes=\"(max-width: 150px) 100vw, 150px\" \/><\/a>\n\t\t\t<\/dt><\/dl><br style=\"clear: both\" \/>\n\t\t<\/div>\n\n<p>&nbsp;<\/p>\n","protected":false},"excerpt":{"rendered":"<p>&#8220;Hasenh\u00e4nschen-Wackelschw\u00e4nzchen&#8221; Ein heiter\/besinnliches Tischtheater mit Knaufpuppen, frei nach dem beliebten Kinderbuch: \u201eDer kleine Angsthase\u201c von E.Shaw Altergruppe: ab 3 Jahre Spieldauer: ca. 45 Minuten Inhalt: Der kleine Hase Hans f\u00fchrt bei seiner Oma ein wohlbeh\u00fctetes Leben. Aber er f\u00fcrchtet sich vor allem und jedem, da ihm seine Oma immer wieder sagt, wie gef\u00e4hrlich die Welt [&hellip;]<\/p>\n","protected":false},"author":4,"featured_media":0,"parent":0,"menu_order":0,"comment_status":"closed","ping_status":"closed","template":"template-notitle.php","meta":[],"_links":{"self":[{"href":"https:\/\/xn--puppenbhne-regenbogen-mobil-o3c.de\/index.php?rest_route=\/wp\/v2\/pages\/161"}],"collection":[{"href":"https:\/\/xn--puppenbhne-regenbogen-mobil-o3c.de\/index.php?rest_route=\/wp\/v2\/pages"}],"about":[{"href":"https:\/\/xn--puppenbhne-regenbogen-mobil-o3c.de\/index.php?rest_route=\/wp\/v2\/types\/page"}],"author":[{"embeddable":true,"href":"https:\/\/xn--puppenbhne-regenbogen-mobil-o3c.de\/index.php?rest_route=\/wp\/v2\/users\/4"}],"replies":[{"embeddable":true,"href":"https:\/\/xn--puppenbhne-regenbogen-mobil-o3c.de\/index.php?rest_route=%2Fwp%2Fv2%2Fcomments&post=161"}],"version-history":[{"count":24,"href":"https:\/\/xn--puppenbhne-regenbogen-mobil-o3c.de\/index.php?rest_route=\/wp\/v2\/pages\/161\/revisions"}],"predecessor-version":[{"id":475,"href":"https:\/\/xn--puppenbhne-regenbogen-mobil-o3c.de\/index.php?rest_route=\/wp\/v2\/pages\/161\/revisions\/475"}],"wp:attachment":[{"href":"https:\/\/xn--puppenbhne-regenbogen-mobil-o3c.de\/index.php?rest_route=%2Fwp%2Fv2%2Fmedia&parent=161"}],"curies":[{"name":"wp","href":"https:\/\/api.w.org\/{rel}","templated":true}]}}